, what is 6 + a1?
a7
In base 9, what is -16 - -10?
-6
In base 12, what is 429 - 0?
429
In base 4, what is -3 + -1310?
-1313
In base 10, what is 257 - 5?
252
In base 14, what is 185 - 6?
17d
In base 6, what is -5 + -504?
-513
In base 15, what is -7d4 + -3?
-7d7
In base 13, what is -5ab + -20?
-5cb
In base 13, what is 8b + 5?
93
In base 2, what is 100 - 1010100101?
-1010100001
In base 6, what is 343 + -53?
250
In base 6, what is 102 - 501?
-355
In base 7, what is -315 - -2?
-313
In base 11, what is 1 + -46?
-45
In base 13, what is -7b70 + 0?
-7b70
In base 4, what is 31 - -102?
133
In base 4, what is 10120 + 12?
10132
In base 15, what is 1ea - -1?
1eb
In base 9, what is -13 - -4?
-8
In base 9, what is 21 - 44?
-23
In base 10, what is 19 - -1131?
1150
In base 2, what is -1010011 + 101101?
-100110
In base 9, what is 45 + -1?
44
In base 12, what is -66 - -79?
13
In base 14, what is -3206 + -4?
-320a
In base 8, what is 10 - 42?
-32
In base 13, what is -168 + 3?
-165
In base 2, what is -1000 + -1001001?
-1010001
In base 9, what is 7 - 51?
-43
In base 4, what is 1233 + 11?
1310
In base 2, what is -101 - 111111011?
-1000000000
In base 2, what is -100110 - -100001?
-101
In base 15, what is 73 + -7?
6b
In base 4, what is -11 + -100?
-111
In base 10, what is -72 + 0?
-72
In base 8, what is -4 + 141?
135
In base 7, what is -40 - -263?
223
In base 7, what is -25 + 34?
6
In base 13, what is 10a + 8?
115
In base 12, what is -3 - -154?
151
In base 8, what is 11 - 54?
-43
In base 15, what is 3 + -53c?
-539
In base 10, what is -838 + 2?
-836
In base 15, what is -68 + 0?
-68
In base 14, what is 5c + 8?
66
In base 6, what is 31455 - -5?
31504
In base 7, what is 4 + 6263?
6300
In base 5, what is -3 + -2334?
-2342
In base 8, what is 0 + 360?
360
In base 15, what is -4 + cc?
c8
In base 11, what is -2 - 488?
-48a
In base 14, what is 4 - 19?
-15
In base 10, what is -918 - -3?
-915
In base 9, what is 28 - -547?
576
In base 9, what is 80 + 1?
81
In base 10, what is 311 + 4?
315
In base 5, what is -4 - -1104?
1100
In base 2, what is 1001001 + -11?
1000110
In base 9, what is -65621 + -1?
-65622
In base 13, what is -243 + -2?
-245
In base 15, what is -30 - -8?
-27
In base 9, what is -483 - 5?
-488
In base 14, what is -75 + -3?
-78
In base 4, what is -30211 - 3?
-30220
In base 5, what is 321 + 40?
411
In base 9, what is -47 + 78?
31
In base 2, what is -10001 - 1000?
-11001
In base 11, what is 7 - 206?
-1aa
In base 12, what is 36 - 2?
34
In base 16, what is 7 + 91?
98
In base 16, what is -d + -21?
-2e
In base 15, what is -10 - c?
-1c
In base 16, what is 4 - 77?
-73
In base 9, what is 17 - -37?
55
In base 7, what is 0 - 253?
-253
In base 4, what is -1303 - 3?
-1312
In base 10, what is -35 + -5?
-40
In base 4, what is -30132 - -2?
-30130
In base 6, what is 451 + -12?
435
In base 4, what is -132 - -11?
-121
In base 14, what is 1 - 21?
-20
In base 3, what is 122 - 200121?
-122222
In base 4, what is -3 - -211?
202
In base 12, what is -124 + 35?
-ab
In base 9, what is 1 - -1677?
1678
In base 16, what is -57c + -3?
-57f
In base 8, what is -1156 - 0?
-1156
In base 13, what is 0 + -32?
-32
In base 16, what is -1 - -1e7?
1e6
In base 4, what is -1130022 - 1?
-1130023
In base 5, what is -41 + 2442?
2401
In base 2, what is 0 - -10110110000?
10110110000
In base 9, what is 546 + 0?
546
In base 16, what is -6 + -2?
-8
In base 12, what is -618 + 1?
-617
In base 7, what is 3 + -20?
-14
In base 11, what is 193 - 0?
193
In base 14, what is 0 - 341?
-341
In base 2, what is 11101111 + -1?
11101110
In base 15, what is -2 - -1e?
1c
In base 15, what is -13 + -1?
-14
In base 4, what is 201122 + 20?
201202
In base 5, what is 3 - -10021?
10024
In base 11, what is 159 - 5?
154
In base 13, what is 7b0 + 4?
7b4
In base 16, what is -600 - 3?
-603
In base 16, what is 0 + -b62?
-b62
In base 7, what is 166 + -5?
161
In base 7, what is -16036 + -2?
-16041
In base 16, what is 2 - -1f?
21
In base 11, what is -153 - -5?
-149
In base 6, what is 511 + -11?
500
In base 10, what is -16 - -112?
96
In base 14, what is 1 + 14?
15
In base 15, what is -b + -14?
-20
In base 3, what is 0 - 11022022?
-11022022
In base 4, what is 1212 + 2?
1220
In base 16, what is -2 + 6f?
6d
In base 15, what is 13 + 17c?
190
In base 2, what is -1 + 10000?
1111
In base 12, what is 6a + 2?
70
In base 7, what is 5 + -124?
-116
In base 3, what is 210220 + -1212?
202001
In base 4, what is -101 - -131?
30
In base 5, what is -43 - -10?
-33
In base 8, what is 14 + -270?
-254
In base 5, what is -1411002 + -10?
-1411012
In base 15, what is -68 + -10?
-78
In base 4, what is 2 + 1123?
1131
In base 2, what is 1000 - -110110101?
110111101
In base 13, what is -3 - -25ac?
25a9
In base 3, what is -11101 + 0?
-11101
In base 10, what is 13 + -4?
9
In base 5, what is -4 + 31?
22
In base 3, what is -102101220 + 11?
-102101202
In base 8, what is -54 + -20?
-74
In base 2, what is -10 + -1010100101?
-1010100111
In base 11, what is -5 + -7524?
-7529
In base 11, what is 4 - 415?
-411
In base 13, what is 2 + 243?
245
In base 3, what is -11122202 - -1?
-11122201
In base 6, what is -11 + 30?
15
In base 11, what is 3 - 741?
-739
In base 13, what is 0 - -9?
9
In base 12, what is 366 - -3?
369
In base 10, what is 112 + 9?
121
In base 5, what is 30240 + 2?
30242
In base 8, what is 1053 + 5?
1060
In base 14, what is -2 - 11?
-13
In base 3, what is 1221220 + 202?
1222122
In base 15, what is 1 - -d6?
d7
In base 16, what is 376f + -2?
376d
In base 10, what is -73 + -5?
-78
In base 10, what is -4 + -1156?
-1160
In base 4, what is -1102 - -3?
-1033
In base 7, what is -26420 - -4?
-26413
In base 12, what is 5 - -14?
19
In base 5, what is 2222 - -33?
2310
In base 8, what is 26 + -35?
-7
In base 2, what is 100100000010 - 1100?
100011110110
In base 4, what is 101 - 20222?
-20121
In base 13, what is 17 - -14?
2b
In base 7, what is -1033 + -5?
-1041
In base 10, what is -135 + 2?
-133
In base 3, what is 20020 + 1021?
21111
In base 13, what is 5 + 31?
36
In base 10, what is 68 + 6?
74
In base 15, what is 3 + -606?
-603
In base 9, what is 14 - -146?
161
In base 13, what is 6 - -1ba?
1c3
In base 12, what is 143 - 4?
13b
In base 11, what is -41 - -10?
-31
In base 14, what is 49 + 50?
99
In base 4, what is -112 + 0?
-112
In base 5, what is 10 - -1220?
1230
In base 7, what is 12 - -1240?
1252
In base 10, what is -31 + 2?
-29
In base 10, what is -3 + -7?
-10
In base 8, what is -2 - -75?
73
In base 10, what is 5 - -5?
10
In base 14, what is -83 + 20?
-63
In base 11, what is 98 + -6?
92
In base 15, what is 4 - 104?
-100
In base 13, what is -166 + 4?
-162
In base 13, what is 2 + -1a?
-18
In base 6, what is -1 + 144?
143
In base 2, what is -101000000 - -10?
-100111110
In base 15, what is 119 + 31?
14a
In base 13, what is 2b + 3?
31
In base 8, what is -2111 - 1?
-2112
In base 11, what is -4 - -167?
163
In base 9, what is -7 - 48?
-56
In base 16, what is 1 - c?
-b
In base 4, what is 2011 + -3?
2002
In base 6, what is 32 + -5?
23
In base 8, what is 26 + 17?
45
In base 4, what is -211000 + 2?
-210332
In base 8, what is -13 - 33?
-46
In base 9, what is 503 - 1?
502
In base 16, what is 19 + -62?
-49
In base 5, what is 0 + -222?
-222
In base 6, what is 2000 + -1?
1555
In base 2, what is -1010000010 - 1000?
-1010001010
In base 14, what is 18 + 5d?
77
In base 2, what is -111 - 1110?
-10101
In base 12, what is 79 + 99?
156
In base 4, what is -11131 - -23?
-11102
In base 8, what is -433 + -20?
-453
In base 8, what is -5 - 104?
-111
In base 16, what is df0 - 2?
dee
In base 8, what is -413 - -12?
-401
In base 5, what is 124 - -13?
142
In base 10, what is 3421 + -2?
3419
In base 11, what is 345 - -2?
347
In base 7, what is -2 + -356?
-361
In base 12, what is -b13 + 3?
-b10
In base 9, what is -1125 - 5?
-1131
In base 9, what is 72 - -48?
131
In base 15, what is -4 + 249?
245
In base 6, what is 13 + -50?
-33
In base 7, what is -63156 + 4?
-63152
In base 2, what is 101001111101100 - -100?
101001111110000
In base 4, what is 12301 + 3?
12310
In base 6, what is 3 + -2024?
-2021
In base 7, what is -2 - -22?
20
In base 5, what is -3 - -1040?
1032
In base 9, what is -4 + 3314?
3310
In base 4, what is 12311 - -3?
12320
In base 15, what is -10e + 5?
-109
In base 3, what is 110 + -100020?
-22210
In base 11, what is -4 +